{"id":252,"date":"2021-04-01T04:09:43","date_gmt":"2021-04-01T02:09:43","guid":{"rendered":"https:\/\/mindshield.eu\/?page_id=252"},"modified":"2021-12-12T16:38:34","modified_gmt":"2021-12-12T15:38:34","slug":"mentions-legales","status":"publish","type":"page","link":"https:\/\/mindshield.eu\/index.php\/mentions-legales\/","title":{"rendered":"Mentions l\u00e9gales"},"content":{"rendered":"\t\t<div data-elementor-type=\"wp-page\" data-elementor-id=\"252\" class=\"elementor elementor-252\" data-elementor-post-type=\"page\">\n\t\t\t\t\t\t<section class=\"elementor-section elementor-top-section elementor-element elementor-element-5079868 elementor-section-boxed elementor-section-height-default elementor-section-height-default\" data-id=\"5079868\" data-element_type=\"section\" data-e-type=\"section\">\n\t\t\t\t\t\t<div class=\"elementor-container elementor-column-gap-default\">\n\t\t\t\t\t<div class=\"elementor-column elementor-col-100 elementor-top-column elementor-element elementor-element-52b12bf\" data-id=\"52b12bf\" data-element_type=\"column\" data-e-type=\"column\">\n\t\t\t<div class=\"elementor-widget-wrap elementor-element-populated\">\n\t\t\t\t\t\t<div class=\"elementor-element elementor-element-affd205 elementor-widget elementor-widget-heading\" data-id=\"affd205\" data-element_type=\"widget\" data-e-type=\"widget\" data-widget_type=\"heading.default\">\n\t\t\t\t<div class=\"elementor-widget-container\">\n\t\t\t\t\t<h2 class=\"elementor-heading-title elementor-size-default\">Mentions l\u00e9gales<\/h2>\t\t\t\t<\/div>\n\t\t\t\t<\/div>\n\t\t\t\t<div class=\"elementor-element elementor-element-33b4586 elementor-widget elementor-widget-text-editor\" data-id=\"33b4586\" data-element_type=\"widget\" data-e-type=\"widget\" data-widget_type=\"text-editor.default\">\n\t\t\t\t<div class=\"elementor-widget-container\">\n\t\t\t\t\t\t\t\t\t<h4><span style=\"text-decoration: underline;\">Le site Mindeshiel.eu<\/span><\/h4>\n<p><strong>Forme de la soci\u00e9t\u00e9 : <\/strong>EURL<\/p>\n<p><strong>Capital social : <\/strong>2000\u20ac<\/p>\n<p><strong>RCS de Versailles: <\/strong>888094026<\/p>\n<p><strong>Identifiant de TVA : <\/strong>fr65888094026<\/p>\n<p><strong>Si\u00e8ge social : <\/strong>26 rue des \u00e9bisoires 78370 Plaisir<\/p>\n<p><strong>Courrier \u00e9lectronique :&nbsp;<\/strong><span style=\"font-family: Roboto, sans-serif; font-size: 18px; color: var( --e-global-color-text ); font-weight: var( --e-global-typography-text-font-weight );\">contact_public.864 [at] mindshield.eu<\/span><\/p>\n<p><strong>Num\u00e9ro d&#8217;appel : <\/strong>+33 7 55 92 77 41<\/p>\n<p><strong>H\u00e9bergeur du site : <\/strong>OVH<\/p>\n<p><strong>Responsable du site web : <\/strong>Win-Lime K\u00e9vin<\/p>\n<h4><span style=\"text-decoration: underline;\">Propri\u00e9t\u00e9 intellectuelle<\/span><\/h4>\n<p>Nous vous informons que toute reproduction ou repr\u00e9sentation totale ou partielle, par quelque proc\u00e9d\u00e9 que ce soit, de ce site, des logos, des images pouvant y figurer est interdite sans l\u2019autorisation expresse de MindShield et constituerait une contrefa\u00e7on sanctionn\u00e9e par les articles L335-2 et suivants du <a href=\"https:\/\/www.legifrance.gouv.fr\/codes\/texte_lc\/LEGITEXT000006069414\/2020-11-06\/\" target=\"_blank\" rel=\"noopener\">code de la propri\u00e9t\u00e9 intellectuelle<\/a>.<\/p>\n<h4>&nbsp;<\/h4>\t\t\t\t\t\t\t\t<\/div>\n\t\t\t\t<\/div>\n\t\t\t\t\t<\/div>\n\t\t<\/div>\n\t\t\t\t\t<\/div>\n\t\t<\/section>\n\t\t\t\t<\/div>\n\t\t","protected":false},"excerpt":{"rendered":"<p>Mentions l\u00e9gales Le site Mindeshiel.eu Forme de la soci\u00e9t\u00e9 : EURL Capital social : 2000\u20ac RCS de Versailles: 888094026 Identifiant de TVA : fr65888094026 Si\u00e8ge social : 26 rue des \u00e9bisoires 78370 Plaisir Courrier \u00e9lectronique :&nbsp;contact_public.864 [at] mindshield.eu Num\u00e9ro d&#8217;appel : +33 7 55 92 77 41 H\u00e9bergeur du site : OVH Responsable du site&hellip; <br \/> <a class=\"button small blue\" href=\"https:\/\/mindshield.eu\/index.php\/mentions-legales\/\">Read more<\/a><\/p>\n","protected":false},"author":2,"featured_media":0,"parent":0,"menu_order":0,"comment_status":"closed","ping_status":"closed","template":"","meta":{"footnotes":""},"class_list":["post-252","page","type-page","status-publish","hentry"],"_links":{"self":[{"href":"https:\/\/mindshield.eu\/index.php\/wp-json\/wp\/v2\/pages\/252","targetHints":{"allow":["GET"]}}],"collection":[{"href":"https:\/\/mindshield.eu\/index.php\/wp-json\/wp\/v2\/pages"}],"about":[{"href":"https:\/\/mindshield.eu\/index.php\/wp-json\/wp\/v2\/types\/page"}],"author":[{"embeddable":true,"href":"https:\/\/mindshield.eu\/index.php\/wp-json\/wp\/v2\/users\/2"}],"replies":[{"embeddable":true,"href":"https:\/\/mindshield.eu\/index.php\/wp-json\/wp\/v2\/comments?post=252"}],"version-history":[{"count":16,"href":"https:\/\/mindshield.eu\/index.php\/wp-json\/wp\/v2\/pages\/252\/revisions"}],"predecessor-version":[{"id":429,"href":"https:\/\/mindshield.eu\/index.php\/wp-json\/wp\/v2\/pages\/252\/revisions\/429"}],"wp:attachment":[{"href":"https:\/\/mindshield.eu\/index.php\/wp-json\/wp\/v2\/media?parent=252"}],"curies":[{"name":"wp","href":"https:\/\/api.w.org\/{rel}","templated":true}]}}